{"version":"1.0","provider_name":"Vivre en cabine","provider_url":"https:\/\/menschen.proalps.ch\/fr\/","author_name":"alpenadmin","author_url":"https:\/\/menschen.proalps.ch\/fr\/author\/alpenadmin\/","title":"Andreas Weissen - Des gens, des lieux, des propos frappants","type":"rich","width":600,"height":338,"html":"<blockquote class=\"wp-embedded-content\" data-secret=\"YZAv4tYXkO\"><a href=\"https:\/\/menschen.proalps.ch\/fr\/andreas-weissen\/\">Andreas Weissen<\/a><\/blockquote><iframe sandbox=\"allow-scripts\" security=\"restricted\" src=\"https:\/\/menschen.proalps.ch\/fr\/andreas-weissen\/embed\/#?secret=YZAv4tYXkO\" width=\"600\" height=\"338\" title=\"\u00ab\u00a0Andreas Weissen\u00a0\u00bb &#8212; Vivre en cabine\" data-secret=\"YZAv4tYXkO\" frameborder=\"0\" marginwidth=\"0\" marginheight=\"0\" scrolling=\"no\" class=\"wp-embedded-content\"><\/iframe><script type=\"text\/javascript\">\n\/* <![CDATA[ *\/\n\/*! This file is auto-generated *\/\n!function(d,l){\"use strict\";l.querySelector&&d.addEventListener&&\"undefined\"!=typeof URL&&(d.wp=d.wp||{},d.wp.receiveEmbedMessage||(d.wp.receiveEmbedMessage=function(e){var t=e.data;if((t||t.secret||t.message||t.value)&&!\/[^a-zA-Z0-9]\/.test(t.secret)){for(var s,r,n,a=l.querySelectorAll('iframe[data-secret=\"'+t.secret+'\"]'),o=l.querySelectorAll('blockquote[data-secret=\"'+t.secret+'\"]'),c=new RegExp(\"^https?:$\",\"i\"),i=0;i<o.length;i++)o[i].style.display=\"none\";for(i=0;i<a.length;i++)s=a[i],e.source===s.contentWindow&&(s.removeAttribute(\"style\"),\"height\"===t.message?(1e3<(r=parseInt(t.value,10))?r=1e3:~~r<200&&(r=200),s.height=r):\"link\"===t.message&&(r=new URL(s.getAttribute(\"src\")),n=new URL(t.value),c.test(n.protocol))&&n.host===r.host&&l.activeElement===s&&(d.top.location.href=t.value))}},d.addEventListener(\"message\",d.wp.receiveEmbedMessage,!1),l.addEventListener(\"DOMContentLoaded\",function(){for(var e,t,s=l.querySelectorAll(\"iframe.wp-embedded-content\"),r=0;r<s.length;r++)(t=(e=s[r]).getAttribute(\"data-secret\"))||(t=Math.random().toString(36).substring(2,12),e.src+=\"#?secret=\"+t,e.setAttribute(\"data-secret\",t)),e.contentWindow.postMessage({message:\"ready\",secret:t},\"*\")},!1)))}(window,document);\n\/\/# sourceURL=https:\/\/menschen.proalps.ch\/wp-includes\/js\/wp-embed.min.js\n\/* ]]> *\/\n<\/script>\n","thumbnail_url":"https:\/\/menschen.proalps.ch\/wp-content\/uploads\/2019\/02\/Andreas-Weissen.jpg","thumbnail_width":2000,"thumbnail_height":1331,"description":"[aesop_quote type=\u00a0\u00bbblock\u00a0\u00bb background=\u00a0\u00bb#0080c0&Prime; text=\u00a0\u00bb#ffffff\u00a0\u00bb align=\u00a0\u00bbleft\u00a0\u00bb size=\u00a0\u00bb1&Prime; quote=\u00a0\u00bbAndreas Weissen est n\u00e9 en 1957 \u00e0 Brigue o\u00f9 il vit encore \u00e0 pr\u00e9sent. H\u00f4telier \u00e0 Heiligkreuz dans la vall\u00e9e de Binn, il est souvent en route comme raconteur de l\u00e9gendes. Il a \u00e9t\u00e9 membre fondateur et pr\u00e9sident durant de longues ann\u00e9es ainsi que vice-pr\u00e9sident de l\u2019Initiative des Alpes. [&hellip;]"}

[aesop_quote type= »block » background= »#0080c0&Prime; text= »#ffffff » align= »left » size= »1&Prime; quote= »Andreas Weissen est né en 1957 à Brigue où il vit encore à présent. Hôtelier à Heiligkreuz dans la vallée de Binn, il est souvent en route comme raconteur de légendes. Il a été membre fondateur et président durant de longues années ainsi que vice-président de l’Initiative des Alpes. [&hellip;]
