{"version":"1.0","provider_name":"Vivre en cabine","provider_url":"https:\/\/menschen.proalps.ch\/fr\/","author_name":"alpenadmin","author_url":"https:\/\/menschen.proalps.ch\/fr\/author\/alpenadmin\/","title":"Marl\u00e8ne Burri Perret-Gentil und Willy Perret-Gentil - Des gens, des lieux, des propos frappants","type":"rich","width":600,"height":338,"html":"<blockquote class=\"wp-embedded-content\" data-secret=\"YkBYMqpwDZ\"><a href=\"https:\/\/menschen.proalps.ch\/fr\/burri-perret-gentil\/\">Marl\u00e8ne Burri Perret-Gentil und Willy Perret-Gentil<\/a><\/blockquote><iframe sandbox=\"allow-scripts\" security=\"restricted\" src=\"https:\/\/menschen.proalps.ch\/fr\/burri-perret-gentil\/embed\/#?secret=YkBYMqpwDZ\" width=\"600\" height=\"338\" title=\"\u00ab\u00a0Marl\u00e8ne Burri Perret-Gentil und Willy Perret-Gentil\u00a0\u00bb &#8212; Vivre en cabine\" data-secret=\"YkBYMqpwDZ\" frameborder=\"0\" marginwidth=\"0\" marginheight=\"0\" scrolling=\"no\" class=\"wp-embedded-content\"><\/iframe><script type=\"text\/javascript\">\n\/* <![CDATA[ *\/\n\/*! This file is auto-generated *\/\n!function(d,l){\"use strict\";l.querySelector&&d.addEventListener&&\"undefined\"!=typeof URL&&(d.wp=d.wp||{},d.wp.receiveEmbedMessage||(d.wp.receiveEmbedMessage=function(e){var t=e.data;if((t||t.secret||t.message||t.value)&&!\/[^a-zA-Z0-9]\/.test(t.secret)){for(var s,r,n,a=l.querySelectorAll('iframe[data-secret=\"'+t.secret+'\"]'),o=l.querySelectorAll('blockquote[data-secret=\"'+t.secret+'\"]'),c=new RegExp(\"^https?:$\",\"i\"),i=0;i<o.length;i++)o[i].style.display=\"none\";for(i=0;i<a.length;i++)s=a[i],e.source===s.contentWindow&&(s.removeAttribute(\"style\"),\"height\"===t.message?(1e3<(r=parseInt(t.value,10))?r=1e3:~~r<200&&(r=200),s.height=r):\"link\"===t.message&&(r=new URL(s.getAttribute(\"src\")),n=new URL(t.value),c.test(n.protocol))&&n.host===r.host&&l.activeElement===s&&(d.top.location.href=t.value))}},d.addEventListener(\"message\",d.wp.receiveEmbedMessage,!1),l.addEventListener(\"DOMContentLoaded\",function(){for(var e,t,s=l.querySelectorAll(\"iframe.wp-embedded-content\"),r=0;r<s.length;r++)(t=(e=s[r]).getAttribute(\"data-secret\"))||(t=Math.random().toString(36).substring(2,12),e.src+=\"#?secret=\"+t,e.setAttribute(\"data-secret\",t)),e.contentWindow.postMessage({message:\"ready\",secret:t},\"*\")},!1)))}(window,document);\n\/\/# sourceURL=https:\/\/menschen.proalps.ch\/wp-includes\/js\/wp-embed.min.js\n\/* ]]> *\/\n<\/script>\n","thumbnail_url":"https:\/\/menschen.proalps.ch\/wp-content\/uploads\/2019\/02\/Marlene-und-Willy-Perret-1024x681.jpg","thumbnail_width":1024,"thumbnail_height":681,"description":"[aesop_quote type=\u00a0\u00bbblock\u00a0\u00bb background=\u00a0\u00bb#0080c0&Prime; text=\u00a0\u00bb#ffffff\u00a0\u00bb align=\u00a0\u00bbleft\u00a0\u00bb size=\u00a0\u00bb7&Prime; quote=\u00a0\u00bbMarl\u00e8ne Burri Perret-Gentil, n\u00e9e en 1939, et Willy Perret-Gentil, n\u00e9 en 1927 vivent \u00e0 Hauterive pr\u00e8s de Neuch\u00e2tel. Marl\u00e8ne \u00e9tait enseignante au niveau secondaire et Willy \u00e9tait \u00e9lectricien et avait son propre magasin d\u2019\u00e9quipement \u00e9lectrique \u00e0 Neuch\u00e2tel. Retrait\u00e9s aujourd\u2019hui, il sont tous deux encore actifs au Conseil des Alpes [&hellip;]"}

Marlène Burri Perret-Gentil und Willy Perret-Gentil - Des gens, des lieux, des propos frappants

<blockquote class="wp-embedded-content" data-secret="YkBYMqpwDZ"><a href="https://menschen.proalps.ch/fr/burri-perret-gentil/">Marlène Burri Perret-Gentil und Willy Perret-Gentil</a></blockquote><iframe sandbox="allow-scripts" security="restricted" src="https://menschen.proalps.ch/fr/burri-perret-gentil/embed/#?secret=YkBYMqpwDZ" width="600" height="338" title="« Marlène Burri Perret-Gentil und Willy Perret-Gentil » &#8212; Vivre en cabine" data-secret="YkBYMqpwDZ" frameborder="0" marginwidth="0" marginheight="0" scrolling="no" class="wp-embedded-content"></iframe><script type="text/javascript">
/* <![CDATA[ */
/*! This file is auto-generated */
!function(d,l){"use strict";l.querySelector&&d.addEventListener&&"undefined"!=typeof URL&&(d.wp=d.wp||{},d.wp.receiveEmbedMessage||(d.wp.receiveEmbedMessage=function(e){var t=e.data;if((t||t.secret||t.message||t.value)&&!/[^a-zA-Z0-9]/.test(t.secret)){for(var s,r,n,a=l.querySelectorAll('iframe[data-secret="'+t.secret+'"]'),o=l.querySelectorAll('blockquote[data-secret="'+t.secret+'"]'),c=new RegExp("^https?:$","i"),i=0;i<o.length;i++)o[i].style.display="none";for(i=0;i<a.length;i++)s=a[i],e.source===s.contentWindow&&(s.removeAttribute("style"),"height"===t.message?(1e3<(r=parseInt(t.value,10))?r=1e3:~~r<200&&(r=200),s.height=r):"link"===t.message&&(r=new URL(s.getAttribute("src")),n=new URL(t.value),c.test(n.protocol))&&n.host===r.host&&l.activeElement===s&&(d.top.location.href=t.value))}},d.addEventListener("message",d.wp.receiveEmbedMessage,!1),l.addEventListener("DOMContentLoaded",function(){for(var e,t,s=l.querySelectorAll("iframe.wp-embedded-content"),r=0;r<s.length;r++)(t=(e=s[r]).getAttribute("data-secret"))||(t=Math.random().toString(36).substring(2,12),e.src+="#?secret="+t,e.setAttribute("data-secret",t)),e.contentWindow.postMessage({message:"ready",secret:t},"*")},!1)))}(window,document);
//# sourceURL=https://menschen.proalps.ch/wp-includes/js/wp-embed.min.js
/* ]]> */
</script>

[aesop_quote type= »block » background= »#0080c0&Prime; text= »#ffffff » align= »left » size= »7&Prime; quote= »Marlène Burri Perret-Gentil, née en 1939, et Willy Perret-Gentil, né en 1927 vivent à Hauterive près de Neuchâtel. Marlène était enseignante au niveau secondaire et Willy était électricien et avait son propre magasin d’équipement électrique à Neuchâtel. Retraités aujourd’hui, il sont tous deux encore actifs au Conseil des Alpes [&hellip;]
