{"version":"1.0","provider_name":"Vivre en cabine","provider_url":"https:\/\/menschen.proalps.ch\/fr\/","author_name":"alpenadmin","author_url":"https:\/\/menschen.proalps.ch\/fr\/author\/alpenadmin\/","title":"Josef Loretan - Des gens, des lieux, des propos frappants","type":"rich","width":600,"height":338,"html":"<blockquote class=\"wp-embedded-content\" data-secret=\"hV1kjNMBpE\"><a href=\"https:\/\/menschen.proalps.ch\/fr\/josef-loretan\/\">Josef Loretan<\/a><\/blockquote><iframe sandbox=\"allow-scripts\" security=\"restricted\" src=\"https:\/\/menschen.proalps.ch\/fr\/josef-loretan\/embed\/#?secret=hV1kjNMBpE\" width=\"600\" height=\"338\" title=\"\u00ab\u00a0Josef Loretan\u00a0\u00bb &#8212; Vivre en cabine\" data-secret=\"hV1kjNMBpE\" frameborder=\"0\" marginwidth=\"0\" marginheight=\"0\" scrolling=\"no\" class=\"wp-embedded-content\"><\/iframe><script type=\"text\/javascript\">\n\/* <![CDATA[ *\/\n\/*! This file is auto-generated *\/\n!function(d,l){\"use strict\";l.querySelector&&d.addEventListener&&\"undefined\"!=typeof URL&&(d.wp=d.wp||{},d.wp.receiveEmbedMessage||(d.wp.receiveEmbedMessage=function(e){var t=e.data;if((t||t.secret||t.message||t.value)&&!\/[^a-zA-Z0-9]\/.test(t.secret)){for(var s,r,n,a=l.querySelectorAll('iframe[data-secret=\"'+t.secret+'\"]'),o=l.querySelectorAll('blockquote[data-secret=\"'+t.secret+'\"]'),c=new RegExp(\"^https?:$\",\"i\"),i=0;i<o.length;i++)o[i].style.display=\"none\";for(i=0;i<a.length;i++)s=a[i],e.source===s.contentWindow&&(s.removeAttribute(\"style\"),\"height\"===t.message?(1e3<(r=parseInt(t.value,10))?r=1e3:~~r<200&&(r=200),s.height=r):\"link\"===t.message&&(r=new URL(s.getAttribute(\"src\")),n=new URL(t.value),c.test(n.protocol))&&n.host===r.host&&l.activeElement===s&&(d.top.location.href=t.value))}},d.addEventListener(\"message\",d.wp.receiveEmbedMessage,!1),l.addEventListener(\"DOMContentLoaded\",function(){for(var e,t,s=l.querySelectorAll(\"iframe.wp-embedded-content\"),r=0;r<s.length;r++)(t=(e=s[r]).getAttribute(\"data-secret\"))||(t=Math.random().toString(36).substring(2,12),e.src+=\"#?secret=\"+t,e.setAttribute(\"data-secret\",t)),e.contentWindow.postMessage({message:\"ready\",secret:t},\"*\")},!1)))}(window,document);\n\/\/# sourceURL=https:\/\/menschen.proalps.ch\/wp-includes\/js\/wp-embed.min.js\n\/* ]]> *\/\n<\/script>\n","thumbnail_url":"https:\/\/menschen.proalps.ch\/wp-content\/uploads\/2019\/02\/Josef-Loretan.jpg","thumbnail_width":2000,"thumbnail_height":1331,"description":"[aesop_quote type=\u00a0\u00bbblock\u00a0\u00bb background=\u00a0\u00bb#0080c0&Prime; text=\u00a0\u00bb#ffffff\u00a0\u00bb align=\u00a0\u00bbleft\u00a0\u00bb size=\u00a0\u00bb7&Prime; quote=\u00a0\u00bbJosef Loretan, n\u00e9 en 1962 \u00e0 Brigue, est graphiste et sculpteur. Il vit actuellement \u00e0 Berne, enseigne \u00e0 la Haute \u00e9cole des arts de Berne et depuis 2016 \u00e0 la neueschulef\u00fcrgestaltungbern. De nombreuses \u0153uvres dans l&rsquo;espace public t\u00e9moignent de son travail. Josef Loretan est p\u00e8re de trois enfants et [&hellip;]"}

[aesop_quote type= »block » background= »#0080c0&Prime; text= »#ffffff » align= »left » size= »7&Prime; quote= »Josef Loretan, né en 1962 à Brigue, est graphiste et sculpteur. Il vit actuellement à Berne, enseigne à la Haute école des arts de Berne et depuis 2016 à la neueschulefürgestaltungbern. De nombreuses œuvres dans l&rsquo;espace public témoignent de son travail. Josef Loretan est père de trois enfants et [&hellip;]
